
14
Let h(p) = 2*p - 2. Let y be h(6). Let w = -6 + y. What is the highest common divisor of 1 and w?
1
Suppose -5*n - 9 = -3*v, -3*v - 4*n = 18 - 0. Let z be ((-3)/(-2))/(v/(-4)). Suppose z*s - 8 = 22. What is the highest common divisor of s and 10?
10
Let b be (-824)/(-6) + (-4)/3. Let x = 9 + 8. What is the greatest common factor of b and x?
17
Let o(q) = q**3 + q**2 + 5*q - 5. Suppose -8 = -4*i, 2*n - 8 = -0*n + 2*i. Let v be o(n). Let y = -156 + v. What is the greatest common factor of 11 and y?
11
Let r(b) = -4*b + 1. Let k be r(-1). Let p(q) = q**3 - 5*q**2 + 2*q - 6. Let v be p(k). Let o = 4 + v. Calculate the highest common divisor of 64 and o.
8
Let w = -32 - -44. Calculate the greatest common factor of w and 60.
12
Let w(x) = x**2 - x + 2. Let v be w(3). What is the highest common divisor of 4 and v?
4
Suppose 84 - 24 = 3*q. Suppose 0 = 5*k + u - 797, 198 = 4*k - 2*u - 448. What is the highest common factor of k and q?
20
Let w be 135/6 + (-6)/(-4). Calculate the highest common divisor of w and 72.
24
Suppose -3*p + 2 = -2*f + p, 5*p = 4*f + 1. Let u = 1 - 1. Let b be (-2 - -5)*(f - u). What is the highest common divisor of b and 33?
3
Let v = -4 + 9. Let w = 23 - v. Let k be 0 + 1 - (-88)/8. What is the greatest common divisor of w and k?
6
Suppose 2*o + 3*o = 0. Suppose -f + 8 + 4 = o. What is the highest common divisor of f and 96?
12
Suppose 3*j = q + 2*q + 3, 0 = -q - 5*j + 29. Suppose 0 = 4*m - 3*n - 29, n + q*n = m + 14. What is the highest common factor of m and 99?
11
Let n be 2*2/4 + 65. Suppose 4*x = -5*t + n, -2*x = 3*t - 17 - 17. Suppose -28 = -5*c + c. What is the greatest common factor of x and c?
7
Let t(z) = z**3 - 6*z**2 - 7*z - 6. Let n be t(7). Let g(a) = a + 8. Let s be g(n). Calculate the highest common factor of 5 and s.
1
Let c(d) = -d**3 + 11*d**2 + 5*d - 13. Let q be c(11). Calculate the highest common factor of 336 and q.
42
Let m(s) = -4*s**3 - s**2 - 2*s - 4. Let g be m(-2). What is the greatest common factor of 14 and g?
14
Suppose 73 = 4*d - m, 6*m = 4*d + m - 61. What is the greatest common divisor of d and 19?
19
Let a(s) = -s**3 - 12*s**2 - 10*s + 7. Let f be a(-11). Let t be (1 + f)/(1/(-2)). Let d be t/4*32/6. Calculate the highest common factor of 4 and d.
4
Let b(j) = 1 - 2*j + 2 - 2*j. Suppose 0 = 4*d - 13 + 45. Let z be b(d). What is the greatest common factor of 14 and z?
7
Let d = 12 - 9. Suppose 4*l + l - d*g = 804, 0 = 5*g - 10. What is the greatest common factor of 18 and l?
18
Let h = -10 + -2. Let t be (-6)/4*64/h. Let x be 6 - (-1)/(1/2). What is the highest common divisor of t and x?
8
Let k(n) = -n**2. Let u(t) = t - 16. Let g(a) = -k(a) + u(a). Let x be g(-8). What is the greatest common divisor of x and 5?
5
Let y(v) = v**2 + 9*v + 14. Let j be y(-15). Calculate the greatest common factor of 52 and j.
52
Let k(v) = -4 - v**2 + 14 + v + 9*v. Let h be k(8). Suppose x - 195 = -4*x. Calculate the greatest common divisor of x and h.
13
Let h(t) = 5*t + 2. Let j be h(1). Calculate the greatest common factor of 35 and j.
7
Let y be 2080/(-39)*((-1)/2 - 1). Calculate the highest common factor of 40 and y.
40
Suppose -3*n = -3*y + 180, -n - 2*n - 15 = 0. What is the greatest common factor of y and 22?
11
Let p(h) = -h**3 + 8*h**2 + 9*h - 2. Let x be p(7). Let k be (0 + -1)*1 - -18. Suppose -5*w = -67 + k. Calculate the greatest common divisor of x and w.
10
Suppose m = -3*x - 2*x + 30, x = m. Suppose 3*d - x*d = -6. Suppose -t - 4*g = 7 + 10, d*g = -5*t. Calculate the highest common factor of 9 and t.
3
Let a = 12 - 5. Let p(q) = q - 3. Let k be p(5). Suppose 12 = 2*f + z, 0 = -a*z + k*z. Calculate the greatest common factor of 18 and f.
6
Let z(k) = 7*k - 62. Let c be z(13). Calculate the highest common factor of 58 and c.
29
Suppose -24*l + 25*l = 1. What is the greatest common divisor of 1 and l?
1
Suppose -5*q + 37 = 7. Suppose 3*w - 13 = 5*d, w + 2*d - q = 2. Calculate the highest common divisor of 24 and w.
6
Suppose 5*y - 100 = u, -2*y - 2*y - 5*u + 80 = 0. What is the greatest common factor of y and 5?
5
Suppose -2*y - 104 = -2*m, 2*m + 3*m - 254 = 2*y. Let x(p) = -2*p. Let a be x(-5). What is the highest common factor of m and a?
10
Let d = 115 - 103. Let w be 2/(-2) + 29 + 2. Calculate the greatest common divisor of d and w.
6
Suppose 2*c = 4*c - 120. Let u be (1 + 0)*(0 - 1). Let j = 25 + u. Calculate the greatest common divisor of c and j.
12
Let q = 5 + 5. Let n be (-20)/(-6)*(-15)/(-10). Suppose n*f - 208 = 192. What is the greatest common factor of q and f?
10
Suppose -p = -5*p + 80. Suppose l - p = -l. Suppose 47 + 303 = 5*q - 3*k, 0 = -2*k. What is the greatest common divisor of l and q?
10
Let x be (1 - 110/14)*(-140)/4. What is the greatest common factor of 40 and x?
40
Let j(o) = -o + 7. Let p be j(-8). Let z(x) = -9*x**3 + x**2 + 2. Let k be z(-2). Suppose 372 + k = 5*m. Calculate the highest common factor of p and m.
15
Let b = 34 + -10. Suppose -5*n + 42 = 2*p - 11, -3*p + 2*n = -108. Suppose -5*t = 4 - p. What is the greatest common factor of t and b?
6
Let o be 29/3 - 1/(-3). Suppose -33*a = -23*a - 200. What is the greatest common factor of a and o?
10
Let j(d) be the first derivative of -d**2/2 + 2. Let c(l) = 11*l + 1. Let n(w) = c(w) - 4*j(w). Let x be n(1). What is the highest common divisor of 40 and x?
8
Let h(i) = 2*i**2 + 4*i - 16. Let r be h(-5). Calculate the highest common factor of 21 and r.
7
Let c(o) be the second derivative of -o**4/12 - 7*o**3/6 + o. Let q be c(-4). Let h = 89 - 65. Calculate the greatest common divisor of q and h.
12
Let r be (-1094)/(-18) - (-4)/18. Suppose 0*g + 4*g = w - 13, 3*w - g - r = 0. Calculate the greatest common divisor of 42 and w.
21
Let n be (-50)/(-13) + 6/39. Calculate the greatest common divisor of n and 32.
4
Suppose 5*s + 32 - 117 = 0. What is the greatest common factor of 68 and s?
17
Let g(y) = -6 + 6 + 15*y**2 + 2*y - 1 + y**3 + 4. Let h be g(-14). What is the greatest common factor of 19 and h?
19
Let x be (60/(-14))/((-6)/(-504)*-3). What is the highest common divisor of 10 and x?
10
Suppose 4*x - 3*b + 33 = -0*b, 4*b = 4*x + 36. Let g = x + 123. Calculate the greatest common divisor of g and 13.
13
Let i be (4 - 5)*(-68 + -1). Calculate the greatest common divisor of 46 and i.
23
Suppose 0 = -a - 3*a - 576. Let i be 6/(-21) + a/(-14). Let m = -20 + 70. Calculate the greatest common divisor of m and i.
10
Let y be 1/7 - (-360)/28. Calculate the greatest common factor of y and 13.
13
Let i = 6 - -12. Calculate the highest common factor of i and 12.
6
Let z = 8 - 6. Let u be (-1)/z*(-5 + 1). Suppose s = -5*c + 70, 4*s = 2*c + u*s - 40. Calculate the highest common factor of c and 10.
5
Let f(n) = n - 4. Let t be f(6). Suppose t*z - 175 = -3*z. Let x(h) = h**3 + 5*h**2 - 3*h - 10. Let g be x(-5). Calculate the greatest common factor of g and z.
5
Let y(g) = -g**3 - 9*g**2 - 9*g + 2. Let l be y(-8). Suppose -5*q - 6 = x - 1, 4*x + 5*q = 40. What is the highest common factor of x and l?
5
Let q be 1062/135 + (-6)/(-45). What is the greatest common factor of 20 and q?
4
Let q(i) = -i**3 - 7*i**2 - 3*i - 9. Let r be q(-7). Suppose -5*a - 97 = -4*c - 6, -4*c + 95 = -a. What is the greatest common factor of r and c?
12
Let k = 19 + -15. Calculate the greatest common divisor of 4 and k.
4
Let c be 0 + (4 - (0 + 2)). Suppose 6*n = -g + 2*n + 23, 2*g - 52 = -c*n. What is the greatest common divisor of 9 and g?
9
Suppose 2*s + 3*s + 52 = 3*u, -5*u + 2*s = -74. Calculate the highest common divisor of 154 and u.
14
Let j(w) = w**3 + 1. Let v(i) = -i + 2. Let q be v(2). Let z be j(q). Calculate the greatest common factor of z and 1.
1
Suppose -12*d = -13*d + 9. What is the highest common divisor of d and 18?
9
Suppose -5*w - 5*h + 21 = -4, 2*h = -w + 3. Calculate the highest common divisor of w and 63.
7
Suppose 8*u + 5*q - 2040 = 3*u, 3*u + 4*q - 1225 = 0. What is the highest common divisor of u and 37?
37
Let m(k) = k**2 - 8*k + 10. Let v be m(7). Let j = -8 - -11. Suppose -4*l = j*s - 96, -v*l + 22 = 4*s - 43. What is the highest common factor of l and 9?
9
Suppose -2*q - 60 + 96 = 0. Calculate the highest common factor of q and 162.
18
Let d(z) = 2*z - 4. Let o be d(0). Let n = 18 - o. Calculate the highest common